v + -1. What are the prime factors of b?
23
Suppose 7*q = 10*q - 6. What are the prime factors of q?
2
Suppose 4*z = -3*z + 294. Suppose 0 = -z*x + 41*x + 107. What are the prime factors of x?
107
Let h be (-12)/90 + (-8974)/(-30). Suppose -5*j = h - 1039. What are the prime factors of j?
2, 37
Suppose 11*p + 2 = 12*p. Suppose 2 = 2*t + s + 3, -5*s - 5 = p*t. Suppose t = -3*i + 17 + 19. What are the prime factors of i?
2, 3
Suppose 0 = -14*x + 1959 + 4271. List the prime factors of x.
5, 89
Let i(z) = -z**2 - 42*z - 17. List the prime factors of i(-31).
2, 3
Suppose -4*i + 4*q = -11624, 0 = 4*i + 2*q - 952 - 10678. List the prime factors of i.
3, 17, 19
Suppose -84 = -2*u + 20. Let x = 29 + -42. Let s = x + u. List the prime factors of s.
3, 13
Let u be (22/10)/(6/30). Suppose -h = k + 3 - u, 5 = 4*k - 5*h. Suppose -22 = -k*n + 18. What are the prime factors of n?
2
Suppose b - 8 = -35. What are the prime factors of (b + -1)/(-2*4/20)?
2, 5, 7
What are the prime factors of (-12)/(-8)*((-3207)/(-9) - 5)?
17, 31
Suppose 0 = -4*l - 4*o - o + 497, 0 = 4*l - 3*o - 489. List the prime factors of l.
3, 41
What are the prime factors of 637 - 1 - -6 - (-20)/5?
2, 17, 19
Suppose 12324 = 13*u - 1183. List the prime factors of u.
1039
Let a(y) = y**2 - 3*y + 3. Let g be a(3). Let h be (7 + 3)/(-1 + g). Suppose 2*v - 4*x = 32, 3*v - h = 2*x + 47. What are the prime factors of v?
2, 3
What are the prime factors of 6 - (-4006)/12 - 1/(-6)?
2, 5, 17
Let t be (-2)/((-29)/(-28) - 1). Let f be (368/t)/((-1)/7). Let q = 90 - f. What are the prime factors of q?
2, 11
Suppose 381 = 4*q - 219. Suppose 2*p - q = -3*p. Suppose w - p = -2. What are the prime factors of w?
2, 7
Let z = 8026 - 2642. List the prime factors of z.
2, 673
What are the prime factors of 40/500 - (-18073)/25?
3, 241
Suppose -132 = -15*m - 12. List the prime factors of m/44 + (-108)/(-11).
2, 5
Let y = -1002 + 2626. What are the prime factors of y?
2, 7, 29
Let v = 1094 - 725. List the prime factors of v.
3, 41
Suppose -5*q = a - 636, 3*a - 3*q = q + 1813. List the prime factors of a.
13, 47
Suppose -5*s - 11 = -381. Let t be -49 - (-1 + (-2)/2). Let y = t + s. What are the prime factors of y?
3
Suppose 932 = -84*m + 86*m. What are the prime factors of m?
2, 233
Let m be ((-64)/(-40))/((-6)/(-75)). Suppose 5*z = 3*r - 74, -3*z - m = 2*z. What are the prime factors of r?
2, 3
Let k(q) = q**3 + 5*q**2 + 3*q - 4. Let c be k(-4). Let j(d) = d**3 - 1. Let n be j(c). What are the prime factors of (-65)/(-10) - n/(-2)?
2, 3
Let u be 15 - 2/(4/(-6)). Suppose 13*v = 16*v - u. List the prime factors of v.
2, 3
Let q = -1254 + 2059. List the prime factors of q.
5, 7, 23
List the prime factors of (-2903628)/(-2652) + (64/(-34) - -2).
3, 5, 73
Suppose 0 = 3*x + 4*p - 38, -3*x + 0*p + p + 13 = 0. Suppose -x*v + v - 70 = 0. Let z = 49 - v. What are the prime factors of z?
3, 7
Let x(t) = 14*t + 478 - 234 - 279. What are the prime factors of x(15)?
5, 7
Suppose 79437 - 196232 = -47*j. What are the prime factors of j?
5, 7, 71
Let u(z) be the first derivative of z**4/4 + 5*z**3/3 - z**2/2 + 6*z + 5. Let y be u(-6). What are the prime factors of (-1 - 6)*y/14?
2, 3
Let j(y) be the second derivative of -y**5/20 - y**4 - y**3/6 + 3*y**2/2 + 2*y. Let s be j(-12). Let r = 22 - s. What are the prime factors of r?
7
Let j(r) = 4*r - 3. Let g be j(-1). What are the prime factors of (0 - g)/(-1)*(27 + -50)?
7, 23
Let a = 1371 - -856. What are the prime factors of a?
17, 131
Let v = 680 - 472. What are the prime factors of v?
2, 13
Let y(i) = -i**3 - 24*i**2 + 33*i + 137. List the prime factors of y(-26).
631
What are the prime factors of 4*17/(-136) - 5001/(-2)?
2, 5
Suppose -157*g + 32505 = -146*g. What are the prime factors of g?
3, 5, 197
Let v(l) = -2*l - 10. Suppose 3*w - 7 = 2*d - 0, 4*d - 4*w = -16. Let f be v(d). Suppose -4*t + 10 + 54 = f. List the prime factors of t.
2
Suppose -5*z - 5 = 5*o, -z = -2*o - o + 17. Suppose -o*w + 0*g - 4*g = -68, 0 = -3*w - g + 47. Let a = 23 - w. List the prime factors of a.
2
Let j = 2815 + -1755. List the prime factors of j.
2, 5, 53
Let n(g) = -g**3 + 6*g**2 + 3*g + 5. Let d be n(-4). Suppose 0 = -w + d - 38. List the prime factors of w.
5, 23
Suppose 15 + 6 = -k. What are the prime factors of 1*-2 + (-10 - k)?
3
Let v = 454 - 97. What are the prime factors of v?
3, 7, 17
Suppose -6*h + 5282 - 806 = 0. List the prime factors of h.
2, 373
Suppose -5*u = 4*l - 23582, -2*u = -3*l + 1793 + 15905. List the prime factors of l.
2, 3, 983
Let i be 97/11 + 4/22. Let u be 6/i + 2/(-3). Suppose 4*w + 0 - 12 = u. List the prime factors of w.
3
Suppose 66*u + 90372 = 100*u. List the prime factors of u.
2, 3, 443
Suppose -4*k + 8055 + 11159 = 3*n, 0 = -k - n + 4803. List the prime factors of k.
5, 31
Let o = -1856 - -3401. List the prime factors of o.
3, 5, 103
Suppose i + 16 = 5. Let v = 7 + i. List the prime factors of 1/((-82)/(-20) + v).
2, 5
Suppose 22*x = 24*x - 2. List the prime factors of 12/(-3 - x) - (-5 - 0).
2
List the prime factors of ((-310)/(-14) + 1/(-7))*58.
2, 11, 29
Suppose -2*j + 5*f = -2062, 5*j - 4524 = -f + 631. List the prime factors of j.
1031
Suppose -2*j + 3 = -7. Suppose 129 = 5*t + j*x - 376, -5*t = -x - 517. What are the prime factors of t?
103
Let v(g) be the third derivative of 1/3*g**3 + 1/12*g**5 - 1/8*g**4 + 2*g**2 + 1/120*g**6 + 0 + 0*g. What are the prime factors of v(-3)?
29
Let q(x) = -x**3 + 11*x**2 - 9*x - 6. Let y be q(10). Suppose f + 5*w - 17 = -0*w, -4 = y*f + 2*w. What are the prime factors of 35 - (f/(-1) - 2)?
2, 17
Let l(o) = -5*o**3 - 2*o**2 - 2*o + 2. Let y be l(-3). Suppose -3*s = z + s - 109, 4*s = z - y. What are the prime factors of z?
3, 13
Suppose 0 = -28*g + 13716 + 11092. What are the prime factors of g?
2, 443
Suppose -21*b + 17630 - 746 = 0. What are the prime factors of b?
2, 3, 67
Let b = -16 - -21. Suppose 0 = 4*u + b*a - 364, 5*a + 678 = 5*u + 178. What are the prime factors of u?
2, 3
Let g(o) = -o - 7. Let q be g(-4). Let a be ((-2)/4)/(2/4). List the prime factors of 61 - (5 - q/a).
59
Let g(b) = -8*b + 5 - b**2 + 0 + 4. Let x be g(-9). Let k(a) = -2*a + 5. What are the prime factors of k(x)?
5
Let g(w) = -3*w**3 + 50*w**2 - 22*w + 4. What are the prime factors of g(15)?
17, 47
What are the prime factors of ((-9)/(-6))/(27/18558)?
1031
Suppose -471*f + 475*f - 4444 = 0. List the prime factors of f.
11, 101
Let u = 4 + 18. Let i = 24 - u. Suppose 4*r - 5*r + 47 = -f, i*r - 5*f - 109 = 0. What are the prime factors of r?
2, 3, 7
Suppose -10*r = -7*r - 30. Suppose 5*u = -r + 390. List the prime factors of u.
2, 19
Let p(l) = -l**2 - 1. Let g(i) = 2*i**2 + 13*i - 14. Let u be 3 - (-1 - -4) - -1. Let z(k) = u*p(k) + g(k). List the prime factors of z(-16).
3, 11
Suppose -4*m - 3*g = 2*g - 3459, 2*m - 1710 = 4*g. Suppose -11*v + 547 = -m. What are the prime factors of v?
2
Let y(v) = -v**3 + 17*v**2 + 35*v - 7. List the prime factors of y(15).
2, 11
Suppose 46 = 2*u + 24. Suppose -2*a - 4*y = -48, 5*a + 0*y - 90 = -4*y. Let t = a - u. List the prime factors of t.
3
Suppose 111 = -2*r + 5*r. Let x = r + -16. Suppose 4 = 5*c - x. What are the prime factors of c?
5
Let a = -1 - -1. Let q(j) = 32 - 3*j + 3*j - j + 635*j**2 - 634*j**2. List the prime factors of q(a).
2
Let i = 24 - 19. Suppose 0 = -i*k + 3*n + 30, -4*k + 32 = -6*n + 2*n. Suppose 3*o + 84 = 3*h, -76 = -0*h - k*h + 5*o. What are the prime factors of h?
2
Suppose 5*w + q = -4*q - 60, 4*w + 3*q + 43 = 0. Let r = w + 13. Suppose 0 = r*j - 10 - 26. List the prime factors of j.
2, 3
Let y = 1587 + -1079. What are the prime factors of y?
2, 127
Let j(v) = v**3 + 9*v**2 + 9*v + 2. Let g be j(-8). Let d = g + 9. Suppose 0 = 3*b + 4*o - 17, d*o - 11 = -2*b - 0. What are the prime factors of b?
7
Suppose 0 = 5*v + 3 - 18. Suppose 4*t + 12 = -3*s, v*s - 7*s = 16. Let f(m) = -m**2 + 23. List the prime factors of f(t).
23
Suppose -5*x + 5*o = -45, 0 = x - 0*x - 2*o - 12. Let q(b) be the second derivative of b**4/12 - b**3/6 + 7*b**2 - 52*b + 2. What are the prime factors of q(x)?
2, 11
Suppose 0 = -b - 5*m + 2102 + 75, 4*b - 8660 = 4*m. What are the prime factors of b?
11, 197
Let s(n) = -82*n - 3. What are the prime factors of s(-11)?
29, 31
Suppose -3*d = -7*i + 2*i + 3905, 2*